(1337/21)/1?
8
Suppose -2050 = -3*d - s, 678 = d + s + 2*s. What is the tens digit of d?
8
Let a(c) be the first derivative of c**3/3 + 4*c**2 + 13*c + 16. What is the units digit of a(-12)?
1
Let c be 0/(1 + (-1)/((-4)/(-8))). Suppose -2*d + 353 = 5*v, -4*d - 3*v + 96 + 603 = c. What is the tens digit of d?
7
Let z = -12 - -28. Suppose 5*g = 2*m + z, -2*g = -3*g + 2*m. Suppose g*t - 15 = 3*t. What is the tens digit of t?
1
Let a(t) = 88*t + 3. What is the tens digit of a(2)?
7
Suppose 3*z - 2*z - 4 = 0. Let g be (-3)/((-9)/(-138)) - z. Let m = -4 - g. What is the tens digit of m?
4
Suppose -4*q = -3*r - 2643, q = -2*q + 5*r + 1996. What is the units digit of q?
7
Let g be (15/9 + -3)*3. Let w(q) be the third derivative of q**5/15 + q**4/3 - q**3/3 + 22*q**2. What is the units digit of w(g)?
0
Suppose -6 = 4*c + 6. Let n = c - -8. Suppose -74 = -n*g - l, 2*g = -2*g - 5*l + 55. What is the units digit of g?
5
Let b = 19 + -12. Suppose 0 = -2*y - b*j + 3*j + 94, 2*y - 104 = -2*j. What is the tens digit of y?
5
What is the thousands digit of (171/(-513))/(-1 + 12448/12450)?
2
Let o(a) = -184*a - 285. What is the thousands digit of o(-8)?
1
What is the tens digit of 3022 + 45 + 8/1?
7
Let d = -1280 - -5197. What is the units digit of d?
7
Let q be 380*(10 + -6)*1/4. Suppose -24*d = -20*d - q. What is the units digit of d?
5
Suppose n - 4*b - 4 = -5*b, 5*b + 20 = 5*n. Suppose 3*x - 372 + 43 = 5*q, 0 = x - n*q - 98. What is the units digit of x?
8
Let q(y) = -y**3 - 3*y**2 + 8*y. Let t be q(-6). Let l = t - 39. Suppose -9 = 4*s - l. What is the units digit of s?
3
Suppose 3*s + 4*d = -16 - 26, 0 = 5*s + 4*d + 70. Let w = -11 - s. What is the tens digit of 13 - 1/(1/w)?
1
Suppose g = -3*j + 18 - 5, -5*g + 5*j = -65. Suppose g + 39 = 4*t. What is the tens digit of t?
1
Let m(z) = 302*z - 59. What is the hundreds digit of m(10)?
9
What is the tens digit of 15/(-2)*-6*(-30)/(-6)?
2
Suppose m - 4*x + 12 = 0, 6*m = 2*m - 4*x + 12. Suppose m*d + 156 = 4*d. What is the tens digit of d?
3
Suppose -4*c = 2*v - 24, v - 2*c + 6*c - 22 = 0. What is the units digit of 630/9 - (-1 + v)?
9
Let h be (-577)/1*(-1)/((-5)/5). Let a = -401 - h. What is the tens digit of a?
7
Let a(q) = -q**2 + 4*q - 1. Let i be (-16)/(-3) - 16/12. Let k be a(i). What is the units digit of ((-8)/(-24))/(k/(-27))?
9
Let w(z) = z**3 - 8*z**2 - 12*z + 8. Let s be w(9). Let t = -3 - s. What is the units digit of 6/4 + 488/t?
2
Suppose -5*v + 10 = -10*z + 5*z, -z - 8 = v. What is the units digit of ((-12)/9)/((-3)/(-15))*v?
0
Let r(d) be the first derivative of -d**3/3 - 15*d**2/2 + 10*d - 5. Let m be r(-12). What is the units digit of m - (0 + (2 - 3))?
7
Let q = -42 - -105. Let a = q + -91. Let w = 40 + a. What is the tens digit of w?
1
Suppose -2*z = -7*z - 10. Let f(u) = -4*u**3 + 3*u**2 + 2*u - 2. Let a be f(z). Suppose 4*g - 130 + a = 0. What is the tens digit of g?
2
Let n = -9 - -3. Let d be 6*(10/n + 2). Suppose 16 = d*i - 4. What is the tens digit of i?
1
Let y(i) = 26*i + 6. Let z be y(3). Suppose -5*n = 137 + 58. Let p = z + n. What is the tens digit of p?
4
Let x(s) = 14*s**2 + 1. Let b(w) = 15*w**2 + w + 1. Let v(c) = -2*b(c) + 3*x(c). Let o be v(1). Let h = -1 + o. What is the units digit of h?
0
Let b = -2 - -2. Suppose 4*u = -16, b*u + 16 = 2*a + 3*u. What is the units digit of a?
4
Let z(q) = -q - 7. Let n be z(-6). Let v = 18 + n. Suppose 2*c + 0*c - 4 = 0, -j = 3*c - v. What is the tens digit of j?
1
Suppose -4*z + 5 = 9. Let c be 53 + 6 + z + -3. Let y = c + -28. What is the tens digit of y?
2
Suppose 9*y = -1392 + 7935. What is the hundreds digit of y?
7
Let f = -500 + 6992. What is the units digit of f?
2
Let k be (-3 - -11) + 3 - 4. What is the tens digit of (-24)/42 - (-473)/k?
6
What is the units digit of 18/(-243) - 41476/(-54)?
8
Suppose -l + 2 = -1. Suppose -l*c - c = -2*z + 328, -2*z + 5*c + 327 = 0. Suppose 0 = 3*g - z + 49. What is the units digit of g?
9
Suppose -4*y - 8296 = -4*s, 2*s - 4126 - 21 = 3*y. What is the thousands digit of s?
2
Suppose -f = -2*b + 2482, 0 = 5*f - 2 - 8. What is the thousands digit of b?
1
Let r(m) = 37*m**2 - m. Let l(u) = u**2 + 6*u - 23. Let j(a) = -a**2 - 6*a + 24. Let k(v) = 6*j(v) + 7*l(v). Let i be k(-8). What is the tens digit of r(i)?
3
Let u = 11 + -9. Suppose 5 = u*j - 1. Suppose 0 = -j*l + 8*l - 200. What is the units digit of l?
0
What is the units digit of ((-214)/4)/((-3)/6)?
7
Let b(g) = -g**3 - 4*g**2 + 4*g - 10. What is the units digit of b(-9)?
9
Suppose -2*j + 63 = -945. What is the hundreds digit of j?
5
What is the hundreds digit of (-6773)/26*6/(-3)?
5
Suppose 36 = -2*c + 2*m, -4*c - 72 = -0*m + 2*m. Let k = c + 67. What is the units digit of k?
9
Suppose 2*t - 13*t + 8899 = 0. What is the units digit of t?
9
Let b(i) be the first derivative of i**3 + 13*i**2 + 15*i + 9. What is the tens digit of b(-10)?
5
Suppose 0 = 3*d - 9. Suppose -48 = -d*p + 2*p. Suppose 3*f + p = 6*f. What is the tens digit of f?
1
Let a(d) be the first derivative of -d**4/4 - 25*d**3/3 + 11*d**2 - 64*d - 48. What is the units digit of a(-26)?
0
Let t(f) = 27*f - 64. What is the units digit of t(10)?
6
Let c = -3510 + 7165. What is the tens digit of c?
5
Let i(k) = 8*k**3 - k**2 + 5*k - 5. Let l be i(2). Suppose -8*u = -391 - l. What is the tens digit of u?
5
Let o be 3 + (-3 - 0) + 2. Let q(n) = -n**2 + 11 - 5*n + 5*n**3 + 16 - 30 + 8. What is the tens digit of q(o)?
3
Let w be 37/(-2) - (-5)/(-10). What is the tens digit of (-3)/(((-3)/w)/(-3))?
5
Let a be (0 + -1)*(3 + 17). Let f = 19 - a. Suppose -v = -2*w + 38, 0 = w + 5*v - 2 - f. What is the units digit of w?
1
Let r(o) be the third derivative of -o**4/6 + 2*o**3/3 + 7*o**2. What is the units digit of r(-7)?
2
Let s = 5722 + -41. What is the units digit of s?
1
Suppose l + 40*t = 36*t + 1002, 3 = t. What is the units digit of l?
0
Suppose -5*s + 23 = 8. Let i(g) = g**3 - 2*g**2 - 2*g + 4. Let d be i(s). Suppose -360 = -d*n + n. What is the tens digit of n?
6
Suppose 2 = n - 0. Suppose 2 = -n*k, -2*k - 4 = 2*r - 14. Suppose 60 = r*a - a. What is the tens digit of a?
1
Let w be ((-1)/5)/(2/(-10)). Let n be 7*w*(-6)/(-21). Suppose n*g = -g + 57. What is the tens digit of g?
1
Let c(u) = -u**3 + 7*u**2 - 7*u + 3. Let p be c(7). Let f = p + 77. What is the units digit of f?
1
Let n(b) = 465*b**2 + 16*b - 21. What is the tens digit of n(2)?
7
Let h be 14 - -1*(2 + 0). Let q be (-26)/3*(-168)/h. What is the units digit of (-27)/18 - q/(-2)?
4
Let h(c) = c + 5. Let j be h(-11). What is the units digit of (-26)/(-3)*j/(-4)?
3
Let g be 5/((-30)/(-3))*-194. Let t = g + 171. What is the tens digit of t?
7
Suppose 5*a - 68 = -2*b - 224, 4*b - a = -312. What is the tens digit of -1*(-8)/((-16)/b)?
3
Let k = -713 - -1132. Let q = k - 92. What is the tens digit of q?
2
Let y(j) = 3*j + 1. Let l be (-5 - 96/(-18))*0. What is the units digit of y(l)?
1
Suppose 3*a - 371 = 3*q + 16, 2*q + 129 = a. Let i = -32 + a. What is the tens digit of i?
9
Suppose -10*k + 7*k - 18 = 0. Let s be (32/24)/(4/k). What is the units digit of (-10 + 9)/(s/26)?
3
Let a(h) = h**2 + 2*h + 7. Let x be (-23)/(-3) - 2/3. Suppose 0 = 3*b + x + 11. What is the tens digit of a(b)?
3
Let y(w) = -4*w - 23. Let h be y(-7). Suppose -156 = -x - 5*n, -4*x + h*x = -3*n + 158. Suppose x = 2*b + 11. What is the tens digit of b?
7
Let w(g) = -g**2 + 11*g - 11. Let i be w(10). Let x be 36/(-4) - 0 - i. Let u = 11 + x. What is the units digit of u?
3
Suppose 2*b + b - 27 = -m, 5*m - b = 103. Suppose 3*c + m = 75. What is the tens digit of 622/14 + c/(-42)?
4
Let g be 4 + (-44)/12 + 256/6. Suppose l - 3*m = -2*m + g, 3*m + 209 = 5*l. What is the tens digit of l?
4
Suppose 10*i = -2*z + 6*i + 1840, 0 = -5*z + 2*i + 4636. What is the units digit of z?
6
Let q be -1*3 - (-14)/7. Let x be q + 3 + 2/1. Suppose 61 = x*j - 31. What is the units digit of j?
3
Suppose 0 = -g - 4*c + 377, 2*g + 5*c - 757 = -0*g. What is the tens digit of g?
8
Let a be (3 - 51/15) + 54/10. Suppose a*c - b - 1287 = 0, 5*c = 9*c - 2*b - 1032. What is the hundreds digit of c?
2
Let d be (-18)/45 + 477/5. Let n be 4/((-4)/(-67)) + -3. Let b = d - n. What is the units digit of b?
1
Suppose -2*q + 6 = 0, s = -3*s - 2*q + 3450. What is the hundreds digit of s?
8
Let u